{"id":3599,"date":"2021-02-16T13:44:27","date_gmt":"2021-02-16T12:44:27","guid":{"rendered":"https:\/\/bau.kultur-centrale.de\/?page_id=3599"},"modified":"2024-03-20T16:35:46","modified_gmt":"2024-03-20T15:35:46","slug":"full-moon-gallery","status":"publish","type":"page","link":"https:\/\/www.kultur-centrale.de\/de\/full-moon-gallery\/","title":{"rendered":"Full Moon Gallery"},"content":{"rendered":"<div data-elementor-type=\"wp-page\" data-elementor-id=\"3599\" class=\"elementor elementor-3599\">\n\t\t\t\t\t\t<section class=\"elementor-section elementor-top-section elementor-element elementor-element-7631bc2 elementor-section-height-min-height elementor-section-boxed elementor-section-height-default elementor-section-items-middle\" data-id=\"7631bc2\" data-element_type=\"section\" data-settings=\"{&quot;background_background&quot;:&quot;video&quot;,&quot;background_video_link&quot;:&quot;https:\\\/\\\/www.kultur-centrale.de\\\/wp-content\\\/uploads\\\/2021\\\/02\\\/00001.mp4&quot;,&quot;_ha_eqh_enable&quot;:false}\">\n\t\t\t\t\t\t\t\t<div class=\"elementor-background-video-container elementor-hidden-phone\">\n\t\t\t\t\t\t\t\t\t\t\t\t\t<video class=\"elementor-background-video-hosted elementor-html5-video\" autoplay muted playsinline loop><\/video>\n\t\t\t\t\t\t\t\t\t\t\t<\/div>\n\t\t\t\t\t\t\t\t<div class=\"elementor-container elementor-column-gap-default\">\n\t\t\t\t\t<div class=\"elementor-column elementor-col-100 elementor-top-column elementor-element elementor-element-922449c\" data-id=\"922449c\" data-element_type=\"column\">\n\t\t\t<div class=\"elementor-widget-wrap\">\n\t\t\t\t\t\t\t<\/div>\n\t\t<\/div>\n\t\t\t\t\t<\/div>\n\t\t<\/section>\n\t\t\t\t<section class=\"elementor-section elementor-top-section elementor-element elementor-element-85b2bfc elementor-section-boxed elementor-section-height-default elementor-section-height-default\" data-id=\"85b2bfc\" data-element_type=\"section\" data-settings=\"{&quot;background_background&quot;:&quot;classic&quot;,&quot;_ha_eqh_enable&quot;:false}\">\n\t\t\t\t\t\t<div class=\"elementor-container elementor-column-gap-default\">\n\t\t\t\t\t<div class=\"elementor-column elementor-col-100 elementor-top-column elementor-element elementor-element-ab0d144\" data-id=\"ab0d144\" data-element_type=\"column\">\n\t\t\t<div class=\"elementor-widget-wrap elementor-element-populated\">\n\t\t\t\t\t\t<div class=\"elementor-element elementor-element-437596c1 elementor-widget elementor-widget-image\" data-id=\"437596c1\" data-element_type=\"widget\" data-widget_type=\"image.default\">\n\t\t\t\t<div class=\"elementor-widget-container\">\n\t\t\t\t\t\t\t\t\t\t\t\t\t\t<a href=\"https:\/\/full-moon-gallery.de\/\" target=\"_blank\">\n\t\t\t\t\t\t\t<img fetchpriority=\"high\" decoding=\"async\" width=\"768\" height=\"480\" src=\"https:\/\/www.kultur-centrale.de\/wp-content\/uploads\/2021\/01\/full-moon-gallery-logo_cmyk-768x480.png\" class=\"attachment-medium_large size-medium_large wp-image-463\" alt=\"\" srcset=\"https:\/\/www.kultur-centrale.de\/wp-content\/uploads\/2021\/01\/full-moon-gallery-logo_cmyk-768x480.png 768w, https:\/\/www.kultur-centrale.de\/wp-content\/uploads\/2021\/01\/full-moon-gallery-logo_cmyk-300x187.png 300w, https:\/\/www.kultur-centrale.de\/wp-content\/uploads\/2021\/01\/full-moon-gallery-logo_cmyk.png 999w\" sizes=\"(max-width: 768px) 100vw, 768px\" \/>\t\t\t\t\t\t\t\t<\/a>\n\t\t\t\t\t\t\t\t\t\t\t\t\t<\/div>\n\t\t\t\t<\/div>\n\t\t\t\t<div class=\"elementor-element elementor-element-83e10b3 elementor-widget elementor-widget-text-editor\" data-id=\"83e10b3\" data-element_type=\"widget\" data-widget_type=\"text-editor.default\">\n\t\t\t\t<div class=\"elementor-widget-container\">\n\t\t\t\t\t\t\t<p><span style=\"font-size: 14pt;\">Die Full Moon Gallery ist ein vom Jugend- &amp; Kulturprojekt e.V. - JKPeV initiierter und betriebener Kunstausstellungsraum in der Hechtstr. 17 im Dresdner Hechtviertel. Diese hat die ausdr\u00fcckliche Absicht, Raum und Umgebung daf\u00fcr zu schaffen, dass lokale und internationale bildende K\u00fcnstler die M\u00f6glichkeit haben, ihre Arbeiten auf innovative Weise in den Fenstern der Full Moon Gallery zu pr\u00e4sentieren, und zwar zu jedem Vollmond. Die Kunstwerke sind nicht dem Innenraum, sondern der Au\u00dfenwelt zugewandt, was f\u00fcr eine bessere Zug\u00e4nglichkeit und Inklusion der Ausstellung sorgt. Ob Gem\u00e4lde, Zeichnungen, Fotos oder Grafiken, das Hauptkonzept ist es, den Geist zu \u00f6ffnen und Ideen sich frei entfalten zu lassen, um dann das Ergebnis dieser Bem\u00fchungen den Menschen zu pr\u00e4sentieren.<\/span><\/p>\t\t\t\t\t\t<\/div>\n\t\t\t\t<\/div>\n\t\t\t\t\t<\/div>\n\t\t<\/div>\n\t\t\t\t\t<\/div>\n\t\t<\/section>\n\t\t\t\t<section class=\"elementor-section elementor-top-section elementor-element elementor-element-229d67c7 elementor-section-boxed elementor-section-height-default elementor-section-height-default\" data-id=\"229d67c7\" data-element_type=\"section\" data-settings=\"{&quot;background_background&quot;:&quot;classic&quot;,&quot;_ha_eqh_enable&quot;:false}\">\n\t\t\t\t\t\t<div class=\"elementor-container elementor-column-gap-default\">\n\t\t\t\t\t<div class=\"elementor-column elementor-col-25 elementor-top-column elementor-element elementor-element-1865ea7d\" data-id=\"1865ea7d\" data-element_type=\"column\">\n\t\t\t<div class=\"elementor-widget-wrap\">\n\t\t\t\t\t\t\t<\/div>\n\t\t<\/div>\n\t\t\t\t<div class=\"elementor-column elementor-col-25 elementor-top-column elementor-element elementor-element-72538af\" data-id=\"72538af\" data-element_type=\"column\">\n\t\t\t<div class=\"elementor-widget-wrap elementor-element-populated\">\n\t\t\t\t\t\t<div class=\"elementor-element elementor-element-b466cfb elementor-view-default elementor-widget elementor-widget-icon\" data-id=\"b466cfb\" data-element_type=\"widget\" data-widget_type=\"icon.default\">\n\t\t\t\t<div class=\"elementor-widget-container\">\n\t\t\t\t\t<div class=\"elementor-icon-wrapper\">\n\t\t\t<a class=\"elementor-icon\" href=\"https:\/\/full-moon-gallery.de\/\" target=\"_blank\">\n\t\t\t<i aria-hidden=\"true\" class=\"fas fa-globe\"><\/i>\t\t\t<\/a>\n\t\t<\/div>\n\t\t\t\t<\/div>\n\t\t\t\t<\/div>\n\t\t\t\t<div class=\"elementor-element elementor-element-d96f756 elementor-widget elementor-widget-text-editor\" data-id=\"d96f756\" data-element_type=\"widget\" data-widget_type=\"text-editor.default\">\n\t\t\t\t<div class=\"elementor-widget-container\">\n\t\t\t\t\t\t\t<p style=\"text-align: center;\">WEB<\/p>\t\t\t\t\t\t<\/div>\n\t\t\t\t<\/div>\n\t\t\t\t\t<\/div>\n\t\t<\/div>\n\t\t\t\t<div class=\"elementor-column elementor-col-25 elementor-top-column elementor-element elementor-element-8bd8a9\" data-id=\"8bd8a9\" data-element_type=\"column\">\n\t\t\t<div class=\"elementor-widget-wrap elementor-element-populated\">\n\t\t\t\t\t\t<div class=\"elementor-element elementor-element-75b89fb6 elementor-view-default elementor-widget elementor-widget-icon\" data-id=\"75b89fb6\" data-element_type=\"widget\" data-widget_type=\"icon.default\">\n\t\t\t\t<div class=\"elementor-widget-container\">\n\t\t\t\t\t<div class=\"elementor-icon-wrapper\">\n\t\t\t<a class=\"elementor-icon\" href=\"https:\/\/www.facebook.com\/Full-Moon-Gallery-108708950917848\" target=\"_blank\">\n\t\t\t<i aria-hidden=\"true\" class=\"fab fa-facebook\"><\/i>\t\t\t<\/a>\n\t\t<\/div>\n\t\t\t\t<\/div>\n\t\t\t\t<\/div>\n\t\t\t\t<div class=\"elementor-element elementor-element-65e1c1e2 elementor-widget elementor-widget-text-editor\" data-id=\"65e1c1e2\" data-element_type=\"widget\" data-widget_type=\"text-editor.default\">\n\t\t\t\t<div class=\"elementor-widget-container\">\n\t\t\t\t\t\t\t<p style=\"text-align: center;\">FACEBOOK<\/p>\t\t\t\t\t\t<\/div>\n\t\t\t\t<\/div>\n\t\t\t\t\t<\/div>\n\t\t<\/div>\n\t\t\t\t<div class=\"elementor-column elementor-col-25 elementor-top-column elementor-element elementor-element-b806318\" data-id=\"b806318\" data-element_type=\"column\">\n\t\t\t<div class=\"elementor-widget-wrap\">\n\t\t\t\t\t\t\t<\/div>\n\t\t<\/div>\n\t\t\t\t\t<\/div>\n\t\t<\/section>\n\t\t\t\t<\/div>","protected":false},"excerpt":{"rendered":"<p>The Full Moon Gallery is an art exhibition space initiated and hosted by Jugend- &amp; Kulturprojekt e.V. \u2013 JKPeV on Hechtstr. 17 in Hechtviertel, Dresden. It has the express intent of creating the space and environment to allow local and international visual artists to feature their work in an innovative way, on the windows of &hellip;<\/p>\n<p class=\"read-more\"> <a class=\"\" href=\"https:\/\/www.kultur-centrale.de\/de\/full-moon-gallery\/\"> <span class=\"screen-reader-text\">Full Moon Gallery<\/span> Weiterlesen &raquo;<\/a><\/p>","protected":false},"author":1,"featured_media":0,"parent":0,"menu_order":0,"comment_status":"closed","ping_status":"closed","template":"","meta":{"footnotes":""},"class_list":["post-3599","page","type-page","status-publish","hentry"],"_links":{"self":[{"href":"https:\/\/www.kultur-centrale.de\/de\/wp-json\/wp\/v2\/pages\/3599","targetHints":{"allow":["GET"]}}],"collection":[{"href":"https:\/\/www.kultur-centrale.de\/de\/wp-json\/wp\/v2\/pages"}],"about":[{"href":"https:\/\/www.kultur-centrale.de\/de\/wp-json\/wp\/v2\/types\/page"}],"author":[{"embeddable":true,"href":"https:\/\/www.kultur-centrale.de\/de\/wp-json\/wp\/v2\/users\/1"}],"replies":[{"embeddable":true,"href":"https:\/\/www.kultur-centrale.de\/de\/wp-json\/wp\/v2\/comments?post=3599"}],"version-history":[{"count":10,"href":"https:\/\/www.kultur-centrale.de\/de\/wp-json\/wp\/v2\/pages\/3599\/revisions"}],"predecessor-version":[{"id":5203,"href":"https:\/\/www.kultur-centrale.de\/de\/wp-json\/wp\/v2\/pages\/3599\/revisions\/5203"}],"wp:attachment":[{"href":"https:\/\/www.kultur-centrale.de\/de\/wp-json\/wp\/v2\/media?parent=3599"}],"curies":[{"name":"wp","href":"https:\/\/api.w.org\/{rel}","templated":true}]}}

<div data-elementor-type="wp-page" data-elementor-id="3599" class="elementor elementor-3599">
						<section class="elementor-section elementor-top-section elementor-element elementor-element-7631bc2 elementor-section-height-min-height elementor-section-boxed elementor-section-height-default elementor-section-items-middle" data-id="7631bc2" data-element_type="section" data-settings="{&quot;background_background&quot;:&quot;video&quot;,&quot;background_video_link&quot;:&quot;https:\/\/www.kultur-centrale.de\/wp-content\/uploads\/2021\/02\/00001.mp4&quot;,&quot;_ha_eqh_enable&quot;:false}">
								<div class="elementor-background-video-container elementor-hidden-phone">
													<video class="elementor-background-video-hosted elementor-html5-video" autoplay muted playsinline loop></video>
											</div>
								<div class="elementor-container elementor-column-gap-default">
					<div class="elementor-column elementor-col-100 elementor-top-column elementor-element elementor-element-922449c" data-id="922449c" data-element_type="column">
			<div class="elementor-widget-wrap">
							</div>
		</div>
					</div>
		</section>
				<section class="elementor-section elementor-top-section elementor-element elementor-element-85b2bfc elementor-section-boxed elementor-section-height-default elementor-section-height-default" data-id="85b2bfc" data-element_type="section" data-settings="{&quot;background_background&quot;:&quot;classic&quot;,&quot;_ha_eqh_enable&quot;:false}">
						<div class="elementor-container elementor-column-gap-default">
					<div class="elementor-column elementor-col-100 elementor-top-column elementor-element elementor-element-ab0d144" data-id="ab0d144" data-element_type="column">
			<div class="elementor-widget-wrap elementor-element-populated">
						<div class="elementor-element elementor-element-437596c1 elementor-widget elementor-widget-image" data-id="437596c1" data-element_type="widget" data-widget_type="image.default">
				<div class="elementor-widget-container">
														<a href="https://full-moon-gallery.de/" target="_blank">
							<img fetchpriority="high" decoding="async" width="768" height="480" src="https://www.kultur-centrale.de/wp-content/uploads/2021/01/full-moon-gallery-logo_cmyk-768x480.png" class="attachment-medium_large size-medium_large wp-image-463" alt="" srcset="https://www.kultur-centrale.de/wp-content/uploads/2021/01/full-moon-gallery-logo_cmyk-768x480.png 768w, https://www.kultur-centrale.de/wp-content/uploads/2021/01/full-moon-gallery-logo_cmyk-300x187.png 300w, https://www.kultur-centrale.de/wp-content/uploads/2021/01/full-moon-gallery-logo_cmyk.png 999w" sizes="(max-width: 768px) 100vw, 768px" />								</a>
													</div>
				</div>
				<div class="elementor-element elementor-element-83e10b3 elementor-widget elementor-widget-text-editor" data-id="83e10b3" data-element_type="widget" data-widget_type="text-editor.default">
				<div class="elementor-widget-container">
							<p><span style="font-size: 14pt;">Die Full Moon Gallery ist ein vom Jugend- &amp; Kulturprojekt e.V. - JKPeV initiierter und betriebener Kunstausstellungsraum in der Hechtstr. 17 im Dresdner Hechtviertel. Diese hat die ausdrückliche Absicht, Raum und Umgebung dafür zu schaffen, dass lokale und internationale bildende Künstler die Möglichkeit haben, ihre Arbeiten auf innovative Weise in den Fenstern der Full Moon Gallery zu präsentieren, und zwar zu jedem Vollmond. Die Kunstwerke sind nicht dem Innenraum, sondern der Außenwelt zugewandt, was für eine bessere Zugänglichkeit und Inklusion der Ausstellung sorgt. Ob Gemälde, Zeichnungen, Fotos oder Grafiken, das Hauptkonzept ist es, den Geist zu öffnen und Ideen sich frei entfalten zu lassen, um dann das Ergebnis dieser Bemühungen den Menschen zu präsentieren.</span></p>						</div>
				</div>
					</div>
		</div>
					</div>
		</section>
				<section class="elementor-section elementor-top-section elementor-element elementor-element-229d67c7 elementor-section-boxed elementor-section-height-default elementor-section-height-default" data-id="229d67c7" data-element_type="section" data-settings="{&quot;background_background&quot;:&quot;classic&quot;,&quot;_ha_eqh_enable&quot;:false}">
						<div class="elementor-container elementor-column-gap-default">
					<div class="elementor-column elementor-col-25 elementor-top-column elementor-element elementor-element-1865ea7d" data-id="1865ea7d" data-element_type="column">
			<div class="elementor-widget-wrap">
							</div>
		</div>
				<div class="elementor-column elementor-col-25 elementor-top-column elementor-element elementor-element-72538af" data-id="72538af" data-element_type="column">
			<div class="elementor-widget-wrap elementor-element-populated">
						<div class="elementor-element elementor-element-b466cfb elementor-view-default elementor-widget elementor-widget-icon" data-id="b466cfb" data-element_type="widget" data-widget_type="icon.default">
				<div class="elementor-widget-container">
					<div class="elementor-icon-wrapper">
			<a class="elementor-icon" href="https://full-moon-gallery.de/" target="_blank">
			<i aria-hidden="true" class="fas fa-globe"></i>			</a>
		</div>
				</div>
				</div>
				<div class="elementor-element elementor-element-d96f756 elementor-widget elementor-widget-text-editor" data-id="d96f756" data-element_type="widget" data-widget_type="text-editor.default">
				<div class="elementor-widget-container">
							<p style="text-align: center;">WEB</p>						</div>
				</div>
					</div>
		</div>
				<div class="elementor-column elementor-col-25 elementor-top-column elementor-element elementor-element-8bd8a9" data-id="8bd8a9" data-element_type="column">
			<div class="elementor-widget-wrap elementor-element-populated">
						<div class="elementor-element elementor-element-75b89fb6 elementor-view-default elementor-widget elementor-widget-icon" data-id="75b89fb6" data-element_type="widget" data-widget_type="icon.default">
				<div class="elementor-widget-container">
					<div class="elementor-icon-wrapper">
			<a class="elementor-icon" href="https://www.facebook.com/Full-Moon-Gallery-108708950917848" target="_blank">
			<i aria-hidden="true" class="fab fa-facebook"></i>			</a>
		</div>
				</div>
				</div>
				<div class="elementor-element elementor-element-65e1c1e2 elementor-widget elementor-widget-text-editor" data-id="65e1c1e2" data-element_type="widget" data-widget_type="text-editor.default">
				<div class="elementor-widget-container">
							<p style="text-align: center;">FACEBOOK</p>						</div>
				</div>
					</div>
		</div>
				<div class="elementor-column elementor-col-25 elementor-top-column elementor-element elementor-element-b806318" data-id="b806318" data-element_type="column">
			<div class="elementor-widget-wrap">
							</div>
		</div>
					</div>
		</section>
				</div>
